 base 13
1060b
Convert -110022 (base 3) to base 14.
-19a
Convert 133b (base 13) to base 8.
5302
Convert -318 (base 13) to base 5.
-4103
Convert -680 (base 14) to base 5.
-20123
What is -1278 (base 10) in base 7?
-3504
Convert -20431 (base 5) to base 8.
-2526
-20122103 (base 4) to base 5
-2100301
Convert -116 (base 7) to base 13.
-4a
3235 (base 12) to base 4
1112021
What is -299 (base 13) in base 8?
-720
11980 (base 13) to base 14
bb31
-2a15 (base 11) to base 3
-12100000
What is 25634 (base 8) in base 7?
44356
What is -7450 (base 10) in base 16?
-1d1a
-11202121 (base 3) to base 2
-110110010000
Convert -202020 (base 3) to base 16.
-222
What is 10755 (base 8) in base 3?
20021222
-565 (base 12) to base 2
-1100011101
Convert 207 (base 9) to base 11.
144
-26a3 (base 11) to base 15
-1086
Convert -2a5 (base 12) to base 11.
-346
-122211 (base 3) to base 9
-584
c25 (base 13) to base 9
2737
17ba (base 12) to base 16
b3e
What is -20010002 (base 3) in base 12?
-26b5
Convert -704b (base 14) to base 3.
-222102220
-19408 (base 10) to base 5
-1110113
-30603 (base 7) to base 14
-2a3a
2b31 (base 13) to base 5
200133
9991 (base 10) to base 13
4717
-a05 (base 12) to base 11
-10a4
What is -2411a (base 11) in base 15?
-a468
What is -104610 (base 9) in base 7?
-350046
-11711 (base 10) to base 12
-693b
Convert 134 (base 11) to base 7.
314
29 (base 14) to base 6
101
What is -55cb (base 13) in base 4?
-2323131
Convert 113004 (base 6) to base 11.
7340
-222100021 (base 3) to base 2
-100101100000100
Convert 319 (base 15) to base 6.
3123
Convert 15535 (base 6) to base 16.
a13
Convert -405620 (base 7) to base 15.
-157bb
-345b (base 12) to base 13
-2867
175 (base 16) to base 11
30a
Convert -10222020 (base 3) to base 9.
-3866
Convert 10010100001111 (base 2) to base 10.
9487
Convert 2f (base 16) to base 14.
35
Convert 1423b (base 12) to base 7.
144404
Convert 205441 (base 6) to base 14.
61a1
-40633 (base 10) to base 4
-21322321
What is 17999 (base 10) in base 12?
a4bb
-88 (base 12) to base 4
-1220
What is -113521 (base 8) in base 14?
-1018d
1208 (base 11) to base 6
11153
Convert -10101001 (base 2) to base 16.
-a9
What is -16204 (base 7) in base 10?
-4561
Convert -4855 (base 11) to base 12.
-3814
Convert 1221202 (base 3) to base 4.
112100
What is -929a (base 12) in base 10?
-15958
What is -124 (base 15) in base 14?
-147
Convert 3157 (base 9) to base 2.
100100010000
1010001100011001 (base 2) to base 11
29408
What is 11011 (base 2) in base 8?
33
Convert 1571 (base 16) to base 6.
41225
Convert 5a0 (base 14) to base 6.
5104
Convert -145 (base 14) to base 9.
-315
254 (base 7) to base 16
89
10104 (base 5) to base 3
220020
Convert -222001 (base 5) to base 11.
-5907
Convert -11211333 (base 4) to base 9.
-34376
Convert -11200002 (base 3) to base 5.
-102104
Convert 10520 (base 13) to base 7.
151544
Convert -1100011001 (base 2) to base 13.
-490
What is 317 (base 10) in base 11?
269
Convert -140120 (base 7) to base 8.
-63552
Convert 3081 (base 11) to base 10.
4082
1f9a (base 16) to base 11
6095
12331 (base 4) to base 13
283
-1011100010 (base 2) to base 9
-1010
What is 268 (base 15) in base 7?
1412
Convert 210011 (base 5) to base 13.
3194
Convert 122100210 (base 3) to base 5.
401112
What is -646 (base 10) in base 15?
-2d1
-1633 (base 9) to base 4
-103131
-1210201201 (base 3) to base 13
-13228
What is 39b0 (base 12) in base 6?
50340
What is -11f (base 16) in base 13?
-191
What is 1020031 (base 4) in base 14?
1981
-10210 (base 3) to base 12
-86
10232012 (base 4) to base 8
45606
What is 4ff (base 16) in base 4?
103333
-1543 (base 6) to base 3
-120200
33244 (base 5) to base 2
100100010100
-9c (base 16) to base 5
-1111
What is 3aba (base 13) in base 3?
102120101
-116 (base 9) to base 5
-341
What is 75463 (base 9) in base 15?
ec03
-102530 (base 6) to base 15
-2756
What is -453 (base 16) in base 5?
-13412
What is -15 (base 10) in base 12?
-13
Convert -10101010101 (base 2) to base 8.
-2525
Convert 11411 (base 6) to base 13.
9ac
-13907 (base 14) to base 13
-19067
Convert -b52 (base 12) to base 6.
-11342
What is -11432 (base 6) in base 9?
-2262
Convert 47338 (base 10) to base 13.
18715
-30233 (base 5) to base 6
-12555
Convert -10010010100 (base 2) to base 15.
-532
What is -10000011100 (base 2) in base 5?
-13202
-3032 (base 6) to base 2
-1010011100
What is -1414 (base 15) in base 10?
-4294
b2 (base 15) to base 8
247
1750 (base 12) to base 4
223230
11200 (base 3) to base 14
90
What is -10101011110 (base 2) in base 5?
-20444
b0a9 (base 12) to base 10
19137
-2cd (base 16) to base 6
-3153
Convert 343a (base 12) to base 8.
13256
-1747c (base 15) to base 2
-10010011000000011
What is -923 (base 11) in base 15?
-4e4
Convert 236 (base 14) to base 4.
12320
30423 (base 5) to base 8
3704
15985 (base 10) to base 15
4b0a
-3136 (base 7) to base 13
-670
Convert -1c6 (base 14) to base 2.
-101110010
What is 14598 (base 10) in base 3?
202000200
-13030 (base 6) to base 12
-1176
Convert -212242 (base 6) to base 9.
-25748
Convert -263 (base 8) to base 4.
-2303
What is 36a (base 16) in base 11?
725
Convert -45522 (base 6) to base 10.
-6458
1a7 (base 14) to base 7
1000
Convert 6015 (base 13) to base 7.
53325
What is -6c9 (base 15) in base 9?
-2100
Convert -10021031 (base 4) to base 9.
-25248
Convert 30312 (base 4) to base 5.
11242
What is -4333 (base 10) in base 13?
-1c84
What is 56aa (base 11) in base 7?
30604
-113 (base 7) to base 10
-59
Convert 87d (base 14) to base 8.
3217
Convert 100000110010 (base 2) to base 16.
832
What is -1110213 (base 4) in base 9?
-7376
-1c8 (base 14) to base 16
-174
-1563 (base 15) to base 6
-33133
What is -c575 (base 15) in base 4?
-22030013
Convert 4500 (base 7) to base 4.
121101
34ca (base 13) to base 3
101012022
What is -1024112 (base 5) in base 12?
-a0a7
What is -211021 (base 3) in base 5?
-4401
Convert -10213 (base 11) to base 7.
-61301
What is -42231 (base 5) in base 2?
-101100000000
Convert 1bca (base 16) to base 4.
1233022
What is 40d (base 15) in base 6?
4121
What is 538a (base 13) in base 15?
368b
Convert 10420 (base 9) to base 15.
20a3
c220 (base 16) to base 14
1417a
What is -2274 (base 8) in base 15?
-55c
What is 3756 (base 8) in base 16?
7ee
Convert -2709 (base 16) to base 7.
-41064
11310 (base 5) to base 13
4bb
What is 1010001001011 (base 2) in base 9?
7112
57d2 (base 14) to base 10
15276
1531 (base 7) to base 11
505
What is 8b (base 16) in base 10?
139
821 (base 10) to base 15
39b
Convert 5f6 (base 16) to base 7.
4310
What is 100000001011010 (base 2) in base 15?
4d34
50334 (base 6) to base 14
25a2
Convert -41237 (base 8) to base 15.
-50c0
Convert -1243 (base 6) to base 7.
-630
Convert -4245 (base 6) to base 9.
-1282
Convert 1316 (base 7) to base 15.
238
134520 (base 8) to base 14
13408
Convert 100332 (base 4) to base 9.
1436
What is -27324 (base 8) in base 4?
-2323110
Convert 4265 (base 8) to base 9.
3046
What is 5637 (base 12) in base 16?
254b
Convert 12000010 (base 3) to base 13.
1878
What is -314020 (base 5) in base 8?
-24416
What is 1054 (base 16) in base 6?
31204
What is 224 (base 7) in base 10?
116
What is 12346 (base 7) in base 6?
23044
What is -104343 (base 6) in base 15?
-2900
3221 (base 5) to base 6
2004
-120101 (base 4) to base 12
-a95
-11233 (base 4) to base 14
-1c3
What is 2739 (base 15) in base 3?
102111100
Convert -16d (base 16) to base 8.
-555
Convert -22102020 (base 3) to base 9.
-8366
What is a4 (base 16) in base 2?
10100100
Convert 109c (base 16) to base 4.
1002130
Convert -101111010 (base 2) to base 7.
-1050
What is -1393 (base 13) in base 3?
-10212121
88 (base 10) to base 11
80
-14451 (base 10) to base 2
-11100001110011
-33583 (base 11) to base 6
-1013020
What is -76 (base 16) in base 3?
-11101
Convert -3232210 (base 4) to base 8.
-35644
169c (base 16) to base 12
3424
Convert -2270 (base 8) to base 15.
-558
110001001011 (base 2) to base 15
dec
9533 (base 10) to base 13
4454
10001001101 (base 2) to base 5
13401
Convert 38d (base 16) to base 9.
1220
What is 67343 (base 8) in base 13?
cbc8
-1001 (base 7) to base 15
-17e
What is c8a4 (base 15) in base 7?
234526
What is -1001011010100011 (base 2) in base 6?
-454311
13130201 (base 4) to base 2
111011100100001
1a2d (base 15) to base 4
1120210
What is -413 (base 9) in base 15?
-176
Convert -174 (base 12) to base 2